44.
4
What is the greatest common factor of 72 and 1068?
12
What is the highest common divisor of 240 and 87?
3
What is the highest common divisor of 20 and 12?
4
Calculate the highest common factor of 57 and 703.
19
What is the greatest common divisor of 360 and 14130?
90
Calculate the highest common divisor of 5457 and 51.
51
Calculate the highest common divisor of 19706 and 236.
118
What is the greatest common factor of 45 and 261?
9
Calculate the highest common divisor of 4738 and 206.
206
What is the greatest common divisor of 7 and 791?
7
Calculate the greatest common divisor of 10 and 890.
10
Calculate the greatest common divisor of 24 and 9.
3
Calculate the highest common factor of 91 and 86723.
91
Calculate the greatest common divisor of 3 and 7017.
3
Calculate the greatest common divisor of 10 and 30.
10
Calculate the greatest common divisor of 92 and 15916.
92
What is the greatest common factor of 33 and 264?
33
Calculate the greatest common factor of 32 and 1.
1
Calculate the highest common factor of 538 and 1345.
269
What is the highest common factor of 13 and 16380?
13
What is the greatest common factor of 3681 and 9?
9
What is the highest common divisor of 38 and 10906?
38
What is the greatest common divisor of 42 and 384?
6
Calculate the highest common factor of 85 and 1666.
17
Calculate the greatest common divisor of 92 and 713.
23
What is the highest common factor of 130 and 650?
130
What is the greatest common factor of 201 and 1943?
67
Calculate the greatest common divisor of 4 and 1.
1
Calculate the greatest common divisor of 69 and 368.
23
Calculate the highest common factor of 9222 and 742.
106
Calculate the greatest common divisor of 7373 and 101.
101
What is the greatest common divisor of 58 and 638?
58
What is the highest common factor of 80 and 60?
20
Calculate the highest common factor of 3112 and 15949.
389
Calculate the highest common divisor of 5 and 40.
5
Calculate the greatest common divisor of 400 and 100.
100
What is the highest common factor of 2666 and 172?
86
Calculate the greatest common divisor of 138 and 1242.
138
What is the highest common divisor of 4144 and 8?
8
What is the highest common divisor of 903 and 399?
21
What is the greatest common divisor of 120 and 31470?
30
Calculate the highest common factor of 1790 and 10.
10
Calculate the greatest common divisor of 7 and 1.
1
What is the greatest common divisor of 420 and 45?
15
Calculate the highest common divisor of 5893 and 249.
83
Calculate the greatest common divisor of 434 and 266.
14
Calculate the greatest common factor of 39 and 897.
39
What is the greatest common divisor of 874 and 950?
38
Calculate the greatest common factor of 270 and 486.
54
What is the highest common factor of 34 and 6?
2
What is the greatest common factor of 112 and 80?
16
What is the greatest common factor of 629 and 2?
1
Calculate the greatest common divisor of 16 and 92.
4
What is the greatest common factor of 224 and 14?
14
What is the highest common factor of 8639 and 53?
53
Calculate the highest common divisor of 3230 and 85.
85
Calculate the highest common factor of 37 and 3737.
37
Calculate the greatest common factor of 63 and 126.
63
Calculate the greatest common factor of 1288 and 184.
184
What is the greatest common divisor of 64 and 2212?
4
Calculate the greatest common divisor of 6 and 444.
6
What is the highest common factor of 222 and 42?
6
What is the highest common divisor of 882 and 2352?
294
What is the highest common divisor of 5757 and 285?
57
What is the greatest common divisor of 4370 and 570?
190
Calculate the highest common divisor of 1058 and 2507.
23
What is the greatest common factor of 4 and 1984?
4
Calculate the highest common divisor of 144 and 240.
48
Calculate the highest common divisor of 2106 and 39.
39
What is the highest common factor of 70 and 70?
70
Calculate the greatest common factor of 252 and 7.
7
What is the greatest common factor of 6 and 123?
3
Calculate the highest common factor of 405 and 795.
15
Calculate the greatest common factor of 25 and 15.
5
Calculate the greatest common divisor of 145 and 203.
29
What is the highest common divisor of 38 and 342?
38
What is the highest common factor of 448 and 168?
56
What is the greatest common divisor of 452 and 565?
113
What is the greatest common divisor of 16 and 680?
8
What is the highest common divisor of 22 and 847?
11
What is the greatest common factor of 3179 and 2431?
187
Calculate the highest common factor of 57168 and 12.
12
What is the greatest common factor of 198 and 22?
22
What is the highest common factor of 834 and 2641?
139
What is the greatest common divisor of 4025 and 2576?
161
What is the highest common divisor of 143 and 231?
11
What is the highest common factor of 69 and 851?
23
What is the greatest common factor of 175 and 35?
35
Calculate the greatest common divisor of 71 and 639.
71
Calculate the greatest common divisor of 3456 and 504.
72
Calculate the greatest common factor of 192 and 64.
64
What is the highest common factor of 2516 and 37?
37
Calculate the highest common divisor of 17 and 11441.
17
Calculate the highest common factor of 2 and 251.
1
Calculate the greatest common divisor of 17 and 493.
17
Calculate the highest common factor of 96 and 1056.
96
What is the highest common factor of 891 and 11?
11
What is the highest common factor of 47 and 94?
47
What is the highest common factor of 3029 and 13?
13
What is the greatest common divisor of 1300 and 50?
50
Calculate the greatest common divisor of 10 and 630.
10
What is the highest common factor of 6574 and 76?
38
Calculate the highest common factor of 248 and 155.
31
Calculate the highest common factor of 22 and 54.
2
What is the greatest common factor of 7 and 159?
1
Calculate the greatest common divisor of 1755 and 325.
65
Calculate the greatest common divisor of 29 and 1189.
29
Calculate the greatest common divisor of 109 and 1744.
109
What is the greatest common factor of 24 and 1048?
8
Calculate the greatest common factor of 430 and 20.
10
What is the greatest common factor of 87 and 29?
29
What is the greatest common divisor of 12 and 147972?
12
What is the highest common divisor of 380 and 5?
5
Calculate the highest common divisor of 280 and 35.
35
Calculate the greatest common divisor of 188 and 8037.
47
Calculate the greatest common divisor of 56 and 21.
7
What is the highest common factor of 2603 and 19?
19
Calculate the greatest common divisor of 36 and 54.
18
What is the highest common divisor of 26962 and 68?
34
What is the greatest common factor of 51 and 221?
17
Calculate the highest common factor of 18 and 486.
18
Calculate the highest common divisor of 33 and 3.
3
What is the greatest common factor of 10413 and 117?
117
What is the greatest common factor of 444 and 15688?
148
What is the highest common factor of 3525 and 45?
15
What is the highest common factor of 71 and 29891?
71
Calculate the highest common factor of 1353 and 123.
123
What is the highest common divisor of 42 and 2814?
42
Calculate the greatest common divisor of 30 and 10.
10
What is the highest common factor of 14599 and 13?
13
Calculate the highest common factor of 136 and 16.
8
Calculate the greatest common factor of 1188 and 756.
108
What is the greatest common factor of 54855 and 15?
15
What is the highest common divisor of 3564 and 264?
132
What is the greatest common factor of 3002 and 114?
38
What is the greatest common divisor of 1936 and 1694?
242
What is the highest common factor of 2 and 10082?
2
What is the greatest common factor of 612 and 1581?
51
What is the highest common divisor of 1767 and 57?
57
What is the highest common factor of 755 and 10?
5
What is the highest common factor of 9 and 729?
9
What is the highest common factor of 546 and 910?
182
Calculate the greatest common divisor of 3087 and 98.
49
What is the greatest common divisor of 40 and 248?
8
Calculate the highest common factor of 1375 and 50.
25
What is the greatest common factor of 217 and 7?
7
Calculate the highest common divisor of 52097 and 59.
59
Calculate the highest common factor of 38325 and 25.
25
Calculate the greatest common divisor of 45 and 279.
9
Calculate the greatest common divisor of 2456 and 8.
8
What 